
Let m be (-4)/(-6) - ((-924)/18 + 0). What is the highest common factor of m and 26?
26
Let w be ((-4)/(-6))/(3/171). Suppose -32 = -5*n + w. Calculate the greatest common divisor of 7 and n.
7
Let g(a) = 3*a**2 + 6*a - 7. Let n be g(-5). Calculate the highest common factor of n and 19.
19
Suppose 0 = -5*r + 3*a + 79, -3*a - 1 = 8. Calculate the highest common factor of r and 14.
14
Let o = -16 - -21. Let p = -5 - -6. What is the greatest common factor of p and o?
1
Let j be 18*-3*4/(-18). What is the greatest common divisor of 30 and j?
6
Let x(s) = -s**3 - 7*s**2 - 17*s - 4. Let l be x(-4). What is the greatest common factor of l and 4?
4
Let q be (-2 - -1)/((-1)/5). Suppose q*t - 105 = -5*m, 4*m + t = -m + 85. What is the highest common factor of 8 and m?
8
Suppose 0 = 4*y - 7*y + 330. Suppose 0 = -0*t - 5*t + y. Calculate the highest common factor of 2 and t.
2
Let j = 14 - 16. Let q(t) = -13*t - 1. Let m be q(j). Calculate the greatest common factor of m and 5.
5
Suppose 3*o - 7*o - 76 = 5*m, -57 = 3*o - 2*m. Let v = -4 - o. Calculate the greatest common factor of 135 and v.
15
Let z be 1/(-1*2/(-20)). Let h = 17 + 1. Let b = 33 - h. What is the highest common divisor of b and z?
5
Let k = -169 - -340. What is the highest common factor of k and 19?
19
Suppose 13 = 3*b - 2, 2*d - 60 = -4*b. Calculate the greatest common factor of 4 and d.
4
Let t(d) = 5*d - 6. Suppose -2 = 4*z - 18. Let w be t(z). Let r = -6 + w. What is the highest common factor of r and 24?
8
Let g = -50 - -67. What is the highest common divisor of 136 and g?
17
Let x = -21 - -32. Calculate the highest common divisor of 1 and x.
1
Let r = -4 + -1. Let y be -8*r/((-10)/(-24)). Suppose 3 = -2*k + 27. What is the greatest common factor of k and y?
12
Let s = 7 - 6. Suppose 0 = 2*d - 3 - 5. Let c = d - 3. Calculate the greatest common divisor of s and c.
1
Suppose -i + 8 = -0*i. Calculate the greatest common factor of i and 12.
4
Suppose 16 = 3*o - 2. Suppose 0 = 4*w - 4*m - 272, m - 4*m = -5*w + 336. What is the highest common factor of w and o?
6
Suppose -37 = -4*k - u, 6 + 6 = -4*u. Let x(b) = 10*b**3 + b - 1. Let d be x(1). What is the highest common divisor of d and k?
10
Let c(g) = g**2 + 3*g - 1. Let v be c(-4). Calculate the greatest common factor of 1 and v.
1
Let b(x) = 2*x + 36. Let y be b(0). What is the greatest common divisor of y and 324?
36
Let b be (2 + -19 + -3)*-1. Let d = -12 + b. Suppose 0 = 4*u - d - 36. What is the greatest common divisor of u and 11?
11
Let y be 89 - -2*(-2)/4. Suppose w = -w + y. Calculate the greatest common divisor of w and 11.
11
Let i = -3 - 1. Let r = 9 - i. Let q be (-3)/(-3) + 9 + 3. Calculate the greatest common factor of r and q.
13
Suppose w = -3*p + 92, -w + 76 = 2*p - 4*w. Let v = 15 + 1. What is the greatest common divisor of v and p?
16
Suppose 8*o - 12*o = -16. Let u be ((-2)/2)/(1/(-6)). Suppose o*k = u*k - 30. Calculate the greatest common divisor of k and 10.
5
Suppose 4*z + 20 = 5*z. Suppose 0 = 3*d - 4 - 11. What is the highest common divisor of z and d?
5
Let b = 30 - 18. Let l be 10/(-20) + (-22)/4. Let a(u) = -10*u. Let p be a(l). What is the greatest common divisor of p and b?
12
Suppose -2*t = 2*q - 36, 3*q + 7*t = 8*t + 46. Calculate the greatest common divisor of q and 128.
16
Let k = 7 - -48. Calculate the greatest common factor of 11 and k.
11
Let k(l) = 2*l + 1. Let h be k(5). Let j(u) = -53*u + u + 0 + 3. Let c be j(-1). Calculate the greatest common divisor of c and h.
11
Suppose -3 = -3*a - 0*a. Suppose -a = 2*g - 31. Suppose 2*n + 2*m + 20 = 4*n, 2*n + m - 5 = 0. What is the greatest common factor of g and n?
5
Let d be 5 + -3 + 8 + 2. Let f be 122/5 + d/(-30). Calculate the highest common divisor of 120 and f.
24
Suppose x - 31 - 19 = -5*u, -20 = 4*x. What is the greatest common factor of 11 and u?
11
Let a be (-2)/3 - (-10)/(-3). Let j(w) = -w - 2. Let d be j(a). Suppose 31 = d*s + 11. What is the greatest common divisor of s and 5?
5
Let b = 1 + 5. Let x(w) = -w**3 + 5*w**2 - 5*w + 1. Let k be x(3). Calculate the highest common divisor of b and k.
2
Let l(j) = 5*j + 1. Let y be l(-1). Let o(a) = 2 - a - a**3 + 3*a**3 - 3*a**3 + 2*a**2 - 5*a**2. Let z be o(y). What is the greatest common factor of z and 154?
22
Suppose 5*r + 4*z - 757 = 0, 5*z - 65 = 4*r - 687. Let w = r - 63. What is the highest common factor of w and 10?
10
Suppose -12 + 30 = 3*v. Suppose -q + 4 = -v. Suppose 0 = -3*s + 2*x + 191 + 71, 5*x = 20. Calculate the greatest common factor of s and q.
10
Let z = -79 + 90. Calculate the highest common factor of z and 99.
11
Let i(u) = -3*u**2 - 3*u + 2. Let k(z) = -10*z**2 - 10*z + 5. Let m(g) = 7*i(g) - 2*k(g). Let b be m(0). What is the greatest common divisor of b and 6?
2
Let h be 3 + (1 - 4/(20/(-5))). Let m(c) = c + 3 - 6 + c. Let b be m(4). Calculate the highest common divisor of b and h.
5
Let x(l) be the second derivative of l**5/4 - l**4/12 - l**3/6 + l**2/2 + l. Let o be x(1). Calculate the highest common divisor of o and 4.
4
Suppose z - 3 = -b + 5, 3*b - 20 = -4*z. Suppose 0 = 4*g - 0*g - b. Calculate the greatest common factor of 2 and g.
1
Let g(w) = w**3 + 4*w - 9. Let y be g(3). Calculate the greatest common factor of 15 and y.
15
Let r(j) = 2*j - j**3 + 3 - 2*j**3 + 0 + j**3 - 4*j**2. Let y be r(-3). What is the greatest common factor of y and 10?
5
Suppose -a - 4 = -0*a, 0 = 2*h + 3*a + 4. Suppose -p - 18 = -s + 11, -3*s + h*p + 92 = 0. Calculate the highest common divisor of 72 and s.
24
Suppose 0 = -3*g + 4*i + 10 + 12, i = 3*g - 10. Let o(u) = -u**3 + 4*u**2 - 1. Let v be o(g). Let l = -17 + 24. Calculate the greatest common factor of v and l.
7
Suppose -3*x + l + 100 = -73, 2*x = -5*l + 87. Let v(i) = i**3 + 3*i**2 - i + 4. Let u be v(-3). What is the highest common factor of u and x?
7
Suppose -6*m - 5*n = -2*m, -2*n = -2*m. Suppose -b + 16 = -m. What is the greatest common factor of b and 128?
16
Let j be 324*(10/(-35))/((-4)/7). What is the greatest common factor of j and 18?
18
Let c = -11 - -15. Suppose 51 = 2*u - 5. Let r = u + -16. Calculate the greatest common divisor of r and c.
4
Suppose -2*x + 0*x = 0. Suppose -p + 4*b = -5*p + 52, x = -3*p - 5*b + 41. Calculate the greatest common divisor of 132 and p.
12
Suppose 2*x - c = 107, 5*c - 70 = -5*x + 4*x. Let a(k) = -16*k + 3. Let l be a(2). Let z = -18 - l. Calculate the highest common factor of z and x.
11
Let q be ((-1)/1)/(6/(-48)). Suppose 0 = -6*c + 3*c - 3. Let f be c/2 + 164/q. Calculate the highest common divisor of 80 and f.
20
Suppose -3*b - 279 = 3*n, -3*n - b - 277 = b. Let w = n + 133. Calculate the greatest common divisor of w and 6.
6
Suppose -z + 92 = 3*z + t, 3*t + 92 = 4*z. Let s = z - 10. What is the highest common divisor of 143 and s?
13
Suppose 0 = -n - 3*f + 2*f + 12, 3*n - 3*f = 12. Suppose -374 + 54 = -5*t. What is the greatest common factor of n and t?
8
Suppose -n = 0, -94 = 4*g + n + 14. Let b = -3 - g. Calculate the greatest common factor of 60 and b.
12
Suppose b - 29 + 7 = 0. Suppose 2*g - 14 = b. Calculate the highest common factor of g and 6.
6
Suppose 0*m = -5*m + 20. Suppose h = m*h - 21. What is the highest common divisor of h and 14?
7
Suppose 4*t + 2*j = 28, t + 0*t - 5*j = 29. Suppose 0*x + 108 = 4*x. Calculate the greatest common divisor of x and t.
9
Let g be (5/(15/(-44)))/(1/(-3)). Calculate the greatest common factor of 33 and g.
11
Let i = 3 - 5. Let v(y) = -2*y**3 + 3*y**2 + 3*y + 2. Let o be v(i). Calculate the greatest common factor of o and 264.
24
Suppose 3*g = -0*d - 5*d + 437, -3*d + 267 = -3*g. Let p be 86/8 + 1/4. What is the greatest common divisor of d and p?
11
Suppose 11 = g + 4*n, -n - 2*n = -2*g. Calculate the greatest common divisor of 1 and g.
1
Let l = 6 + -3. Let o = 2 + l. Let u be 10/(5/((-90)/(-4))). Calculate the highest common divisor of o and u.
5
Let k(z) = z**2 - 2*z + 1. Let u be k(-2). Let n(s) = s**3 - 8*s**2 + s - 13. Let r be n(u). What is the highest common divisor of r and 11?
11
Let q(x) = x**3 - 3*x**2 + 2*x - 2. Let t be q(3). Let u be 1 + 1 + t + -3. Suppose k = -0*k + u. What is the greatest common factor of k and 2?
1
Suppose 4*d + m - 70 = -m, 0 = 5*d + m - 92. Let b = 39 - d. Calculate the greatest common factor of 2